{"id":10594,"date":"2025-08-30T12:03:54","date_gmt":"2025-08-30T15:03:54","guid":{"rendered":"https:\/\/ifdbeltran-rng.infd.edu.ar\/sitio\/?page_id=10594"},"modified":"2025-09-02T11:14:48","modified_gmt":"2025-09-02T14:14:48","slug":"modalidad-y-horarios-de-cursadas","status":"publish","type":"page","link":"https:\/\/ifdbeltran-rng.infd.edu.ar\/sitio\/modalidad-y-horarios-de-cursadas\/","title":{"rendered":"Modalidad y horarios de cursadas"},"content":{"rendered":"\n<p>En la <strong>modalidad semanal<\/strong>, las clases se desarrollan desde las <strong>primeras horas de la tarde<\/strong> hasta las <strong>\u00faltimas horas del d\u00eda<\/strong> distribu\u00eddas a lo largo de la semana. En cambio la <strong>modalidad intensiva<\/strong> concentra las cursadas en <strong>solo dos d\u00edas<\/strong>, con horarios que van desde la <strong>ma\u00f1ana temprano<\/strong> hasta la<strong> noche<\/strong>, ideal para quienes necesitan compactar su tiempo de estudio.<\/p>\n\n\n\n<h5 class=\"wp-block-heading\">Clases presenciales<\/h5>\n\n\n\n<p>La formaci\u00f3n se realiza <strong>principalmente de manera presencial<\/strong>, en las instalciones del instituto, favoreciendo el encuentro directo entre estudiantes y docentes.<\/p>\n\n\n\n<h5 class=\"wp-block-heading\">Aulas virtuales<\/h5>\n\n\n\n<p><strong>Complementariamente<\/strong>, se utiliza una plataforma educativa digital que permite, entre varias opciones disponibles:<\/p>\n\n\n\n<ul>\n<li>Acceder a materiales de estudio y recursos presentados en diferentes formatos.<\/li>\n\n\n\n<li>Realizar y entregar actividades acad\u00e9micas.<\/li>\n\n\n\n<li>Participar en foros y espacios de debate.<\/li>\n\n\n\n<li>Mantener una comunicaci\u00f3n fluida entre estudiantes y docentes responsables de cada aula virtual.<\/li>\n<\/ul>\n\n\n\n<p class=\"has-base-background-color has-background has-medium-font-size\">Esta combinaci\u00f3n de presencialidad y virtualidad busca enriquecer la experiencia formativa, promoviendo la autonom\u00eda, el intercambio y el acompa\u00f1amiento constante.<\/p>\n","protected":false},"excerpt":{"rendered":"<p>En la modalidad semanal, las clases se desarrollan desde las primeras horas de la tarde hasta las \u00faltimas horas del d\u00eda distribu\u00eddas a lo largo de la semana. En cambio la modalidad intensiva concentra las cursadas en solo dos d\u00edas, con horarios que van desde la ma\u00f1ana temprano hasta la noche, ideal para quienes necesitan &#8230; <a title=\"Modalidad y horarios de cursadas\" class=\"read-more\" href=\"https:\/\/ifdbeltran-rng.infd.edu.ar\/sitio\/modalidad-y-horarios-de-cursadas\/\" aria-label=\"More on Modalidad y horarios de cursadas\">[+]<\/a><\/p>\n","protected":false},"author":2582,"featured_media":0,"parent":0,"menu_order":0,"comment_status":"closed","ping_status":"closed","template":"","meta":[],"acf":[],"_links":{"self":[{"href":"https:\/\/ifdbeltran-rng.infd.edu.ar\/sitio\/wp-json\/wp\/v2\/pages\/10594"}],"collection":[{"href":"https:\/\/ifdbeltran-rng.infd.edu.ar\/sitio\/wp-json\/wp\/v2\/pages"}],"about":[{"href":"https:\/\/ifdbeltran-rng.infd.edu.ar\/sitio\/wp-json\/wp\/v2\/types\/page"}],"author":[{"embeddable":true,"href":"https:\/\/ifdbeltran-rng.infd.edu.ar\/sitio\/wp-json\/wp\/v2\/users\/2582"}],"replies":[{"embeddable":true,"href":"https:\/\/ifdbeltran-rng.infd.edu.ar\/sitio\/wp-json\/wp\/v2\/comments?post=10594"}],"version-history":[{"count":2,"href":"https:\/\/ifdbeltran-rng.infd.edu.ar\/sitio\/wp-json\/wp\/v2\/pages\/10594\/revisions"}],"predecessor-version":[{"id":10677,"href":"https:\/\/ifdbeltran-rng.infd.edu.ar\/sitio\/wp-json\/wp\/v2\/pages\/10594\/revisions\/10677"}],"wp:attachment":[{"href":"https:\/\/ifdbeltran-rng.infd.edu.ar\/sitio\/wp-json\/wp\/v2\/media?parent=10594"}],"curies":[{"name":"wp","href":"https:\/\/api.w.org\/{rel}","templated":true}]}}