{"id":5988,"date":"2022-10-20T18:33:33","date_gmt":"2022-10-20T21:33:33","guid":{"rendered":"https:\/\/ifdbeltran-rng.infd.edu.ar\/sitio\/?page_id=5988"},"modified":"2026-03-05T11:40:35","modified_gmt":"2026-03-05T14:40:35","slug":"solicitudes","status":"publish","type":"page","link":"https:\/\/ifdbeltran-rng.infd.edu.ar\/sitio\/solicitudes\/","title":{"rendered":"Solicitudes"},"content":{"rendered":"\n<h4 class=\"wp-block-heading\">Solicitud de Inscripci\u00f3n a Carrera<\/h4>\n\n\n\n<div class=\"wp-block-buttons is-content-justification-left is-layout-flex wp-container-1\">\n<div class=\"wp-block-button has-custom-width wp-block-button__width-50\"><a class=\"wp-block-button__link has-background has-text-align-center wp-element-button\" href=\"https:\/\/ifdbeltran-rng.infd.edu.ar\/sitio\/wp-content\/uploads\/2025\/11\/planilla-inscripcion-carreras-v3.pdf\" style=\"border-radius:10px;background-color:#0d4474\" target=\"_blank\" rel=\"noreferrer noopener\">Descargar solicitud de inscripci\u00f3n a Carrera<\/a><\/div>\n<\/div>\n\n\n\n<h4 class=\"wp-block-heading\"><strong>Solicitud de equivalencias<\/strong><\/h4>\n\n\n\n<ul>\n<li>Las\/os <strong>estudiantes\/egresados\/as de este instituto<\/strong> deber\u00e1n presentar en soporte papel:\n<ul>\n<li>la solicitud de pedido, <\/li>\n\n\n\n<li>el rendimiento acad\u00e9mico y <\/li>\n\n\n\n<li>los programas.<\/li>\n<\/ul>\n<\/li>\n\n\n\n<li>Las\/os<strong> estudiantes egresadas\/os de otras instituciones<\/strong>: Deber\u00e1n presentar en soporte papel: \n<ul>\n<li>la solicitud de pedido, <\/li>\n\n\n\n<li>el rendimiento acad\u00e9mico y <\/li>\n\n\n\n<li>los programas autenticados.<\/li>\n<\/ul>\n<\/li>\n<\/ul>\n\n\n\n<p>Seg\u00fan el art\u00edculo 51 del RAM, el pedido de equivalencia se resuelve en el plazo de 30 d\u00edas h\u00e1biles.<\/p>\n\n\n\n<p class=\"has-text-align-left\">La solicitud de pases, equivalencias y programas: se realiza la primer semana del mes de inicio de las cursadas del 1\u00b0 y 2\u00b0 cuatrimestre.<\/p>\n\n\n\n<div class=\"wp-block-buttons is-layout-flex\">\n<div class=\"wp-block-button has-custom-width wp-block-button__width-50 is-style-outline\"><a class=\"wp-block-button__link has-accent-color has-base-3-background-color has-text-color has-background wp-element-button\" href=\"https:\/\/ifdbeltran-rng.infd.edu.ar\/sitio\/wp-content\/uploads\/2025\/11\/solicitud-pedido-equivalencias-v1.pdf\" style=\"border-radius:10px\" target=\"_blank\" rel=\"noreferrer noopener\">Descargar solicitud de pedido de equivalencia<\/a><\/div>\n<\/div>\n\n\n\n<h4 class=\"wp-block-heading has-text-align-left\"><strong>Solicitud de programas para presentar en otra instituci\u00f3n<\/strong><\/h4>\n\n\n\n<p>Deber\u00e1n presentar en soporte de papel la solicitud de pedido.&nbsp;<strong>(Tiempo de demora: 15 d\u00edas h\u00e1biles)<\/strong><\/p>\n\n\n\n<div class=\"wp-block-buttons is-layout-flex\">\n<div class=\"wp-block-button has-custom-width wp-block-button__width-50 is-style-outline\"><a class=\"wp-block-button__link has-contrast-color has-base-3-background-color has-text-color has-background wp-element-button\" href=\"https:\/\/ifdbeltran-rng.infd.edu.ar\/sitio\/wp-content\/uploads\/2025\/11\/nota_solicitud_programas_v1.pdf\" style=\"border-radius:10px\" target=\"_blank\" rel=\"noreferrer noopener\">Descargar solicitud de pedido de programas<\/a><\/div>\n<\/div>\n\n\n\n<p>Las notas de solicitud tambi\u00e9n se pueden conseguir en la biblioteca del instituto.<\/p>\n\n\n\n<h4 class=\"wp-block-heading\">Solicitud de Admisi\u00f3n de Ayudant\u00eda<\/h4>\n\n\n\n<p>Las ayudant\u00edas ejercidas por estudiantes representan un aporte a los entornos de aprendizaje y una oportunidad de diversificar la trayectoria estudiantil. La inscripci\u00f3n se realizar\u00e1 mediante nota enviada al \u00e1rea\/disciplina en cuesti\u00f3n que lo solicite.<\/p>\n\n\n\n<p>Se aceptar\u00e1n como aspirantes a ayudant\u00edas, a estudiantes regulares que: <\/p>\n\n\n\n<ul>\n<li>a) Hayan acreditado la unidad curricular para la cual se presentan. <\/li>\n\n\n\n<li>b) Demuestren autonom\u00eda, responsabilidad y curiosidad en su relaci\u00f3n con el conocimiento. <\/li>\n\n\n\n<li>c) Presenten una propuesta de desempe\u00f1o en la tarea de ayudant\u00eda que implique un aporte cualitativo al desarrollo de la unidad curricular.<\/li>\n<\/ul>\n\n\n\n<div class=\"wp-block-buttons is-layout-flex\">\n<div class=\"wp-block-button has-custom-width wp-block-button__width-50 is-style-outline\"><a class=\"wp-block-button__link has-accent-color has-base-3-background-color has-text-color has-background wp-element-button\" href=\"https:\/\/ifdbeltran-rng.infd.edu.ar\/sitio\/wp-content\/uploads\/2025\/12\/solicitud-admision-ayudante-v1.pdf\" style=\"border-radius:10px\" target=\"_blank\" rel=\"noreferrer noopener\">Descargar solicitud de admisi\u00f3n de ayudant\u00eda<\/a><\/div>\n<\/div>\n\n\n\n<p>Para las carreras de Formaci\u00f3n Docente las solicitudes presentadas ser\u00e1n evaluadas por el \u00e1rea\/disciplina solicitante y la Coordinaci\u00f3n de Carrera y enviadas con dictamen al Consejo Directivo.<\/p>\n","protected":false},"excerpt":{"rendered":"<p>Solicitud de Inscripci\u00f3n a Carrera Solicitud de equivalencias Seg\u00fan el art\u00edculo 51 del RAM, el pedido de equivalencia se resuelve en el plazo de 30 d\u00edas h\u00e1biles. La solicitud de pases, equivalencias y programas: se realiza la primer semana del mes de inicio de las cursadas del 1\u00b0 y 2\u00b0 cuatrimestre. Solicitud de programas para &#8230; <a title=\"Solicitudes\" class=\"read-more\" href=\"https:\/\/ifdbeltran-rng.infd.edu.ar\/sitio\/solicitudes\/\" aria-label=\"More on Solicitudes\">[+]<\/a><\/p>\n","protected":false},"author":2582,"featured_media":0,"parent":0,"menu_order":0,"comment_status":"closed","ping_status":"closed","template":"","meta":[],"acf":[],"_links":{"self":[{"href":"https:\/\/ifdbeltran-rng.infd.edu.ar\/sitio\/wp-json\/wp\/v2\/pages\/5988"}],"collection":[{"href":"https:\/\/ifdbeltran-rng.infd.edu.ar\/sitio\/wp-json\/wp\/v2\/pages"}],"about":[{"href":"https:\/\/ifdbeltran-rng.infd.edu.ar\/sitio\/wp-json\/wp\/v2\/types\/page"}],"author":[{"embeddable":true,"href":"https:\/\/ifdbeltran-rng.infd.edu.ar\/sitio\/wp-json\/wp\/v2\/users\/2582"}],"replies":[{"embeddable":true,"href":"https:\/\/ifdbeltran-rng.infd.edu.ar\/sitio\/wp-json\/wp\/v2\/comments?post=5988"}],"version-history":[{"count":37,"href":"https:\/\/ifdbeltran-rng.infd.edu.ar\/sitio\/wp-json\/wp\/v2\/pages\/5988\/revisions"}],"predecessor-version":[{"id":11378,"href":"https:\/\/ifdbeltran-rng.infd.edu.ar\/sitio\/wp-json\/wp\/v2\/pages\/5988\/revisions\/11378"}],"wp:attachment":[{"href":"https:\/\/ifdbeltran-rng.infd.edu.ar\/sitio\/wp-json\/wp\/v2\/media?parent=5988"}],"curies":[{"name":"wp","href":"https:\/\/api.w.org\/{rel}","templated":true}]}}