{"id":7140,"date":"2023-08-23T10:53:17","date_gmt":"2023-08-23T13:53:17","guid":{"rendered":"https:\/\/ifdbeltran-rng.infd.edu.ar\/sitio\/?page_id=7140"},"modified":"2026-04-18T18:36:17","modified_gmt":"2026-04-18T21:36:17","slug":"tutoriales","status":"publish","type":"page","link":"https:\/\/ifdbeltran-rng.infd.edu.ar\/sitio\/tutoriales\/","title":{"rendered":"Tutoriales"},"content":{"rendered":"\n<h4 class=\"wp-block-heading has-accent-color has-text-color\"><strong><a href=\"https:\/\/ifdbeltran-rng.infd.edu.ar\/sitio\/wp-content\/uploads\/2024\/05\/estrategias-didacticas-en-nuevos-escenarios.pdf\" target=\"_blank\" rel=\"noreferrer noopener\">ESTRATEGIAS DID\u00c1CTICAS PARA NUEVOS ESCENARIOS<\/a><\/strong><\/h4>\n\n\n\n<p><em>\u00abTe invitamos a recorrer este material en el que dialogaremos sobre qu\u00e9 entender por estrategias de ense\u00f1anza, c\u00f3mo superar las clases estrictamente expositivas en nuevos escenarios y qu\u00e9 principios generales podemos tener en cuenta para nuestro propio dise\u00f1o, el de cada uno como docente, con su trayectoria, sus conocimientos, sus deseos y sus desaf\u00edos.\u00bb<\/em><\/p>\n\n\n\n<hr class=\"wp-block-separator has-text-color has-base-color has-alpha-channel-opacity has-base-background-color has-background is-style-default\"\/>\n\n\n\n<h3 class=\"wp-block-heading\">Sobre el campus virtual&#8230;<\/h3>\n\n\n\n<p>En esta secci\u00f3n podr\u00e1n encontrar tutoriales&nbsp;y materiales te\u00f3ricos sobre el uso del&nbsp;<em>campus virtual INFD<\/em>&nbsp;que comparten la red de Institutos, nucleados en el Instituto Nacional de Formaci\u00f3n Docente, algunos tips y criterios de uso.<\/p>\n\n\n\n<ul class=\"has-accent-color has-text-color\">\n<li><a rel=\"noreferrer noopener\" href=\"https:\/\/red.infd.edu.ar\/que-es-un-aula-virtual-usos-posibles\/\" target=\"_blank\">Qu\u00e9 es un aula virtual. Usos posibles<\/a><\/li>\n\n\n\n<li><a href=\"https:\/\/red.infd.edu.ar\/caracteristicas-de-una-clase\/\" target=\"_blank\" rel=\"noreferrer noopener\">Caracter\u00edsticas de una clase<\/a><\/li>\n\n\n\n<li><a href=\"https:\/\/red.infd.edu.ar\/sabes-crear-una-clase-en-el-aula-virtual\/\" target=\"_blank\" rel=\"noreferrer noopener\">Crear una clase en el aula virtual<\/a><\/li>\n\n\n\n<li><a href=\"https:\/\/red.infd.edu.ar\/como-cargar-una-pildora-de-texto\/\" target=\"_blank\" rel=\"noreferrer noopener\">C\u00f3mo crear y agregar una p\u00edldora de texto<\/a><\/li>\n\n\n\n<li><a rel=\"noreferrer noopener\" href=\"https:\/\/red.infd.edu.ar\/insertar-texto-mediante-dictado-por-voz-en-la-clase\/\" target=\"_blank\">Insertar texto mediante el dictado de voz<\/a><\/li>\n\n\n\n<li><a href=\"https:\/\/red.infd.edu.ar\/insertar-elementos-desde-el-repositorio\/\" target=\"_blank\" rel=\"noreferrer noopener\">Insertar elementos desde el Repositorio<\/a><\/li>\n\n\n\n<li><a href=\"https:\/\/red.infd.edu.ar\/insertar-audio-por-microfono\/\" target=\"_blank\" rel=\"noreferrer noopener\">Insertar audio por micr\u00f3fono<\/a><\/li>\n\n\n\n<li><a href=\"https:\/\/red.infd.edu.ar\/como-insertar-imagenes-en-una-clase\/\" target=\"_blank\" rel=\"noreferrer noopener\">Insertar im\u00e1genes desde el Repositorio<\/a><\/li>\n\n\n\n<li><a href=\"https:\/\/red.infd.edu.ar\/como-insertar-un-video-desde-el-repositorio\/\" target=\"_blank\" rel=\"noreferrer noopener\">Insertar un video desde el Repositorio<\/a><\/li>\n\n\n\n<li><a href=\"https:\/\/red.infd.edu.ar\/como-grabar-video-desde-el-editor-de-contenidos\/\" target=\"_blank\" rel=\"noreferrer noopener\">Grabar video desde el editor de contenidos del aula<\/a><\/li>\n\n\n\n<li><a href=\"https:\/\/red.infd.edu.ar\/como-anadir-videos-de-youtube\/\" target=\"_blank\" rel=\"noreferrer noopener\">C\u00f3mo a\u00f1adir videos de Youtube<\/a><\/li>\n\n\n\n<li><a rel=\"noreferrer noopener\" href=\"https:\/\/red.infd.edu.ar\/como-insertar-hipervinculos\/\" target=\"_blank\">C\u00f3mo insertar hiperv\u00ednculos<\/a><\/li>\n\n\n\n<li><a href=\"https:\/\/red.infd.edu.ar\/insertar-material-de-estudio\/\" target=\"_blank\" rel=\"noreferrer noopener\">Agregar material de estudio<\/a><\/li>\n\n\n\n<li><a href=\"https:\/\/red.infd.edu.ar\/como-crear-una-actividad\/\" target=\"_blank\" rel=\"noreferrer noopener\">C\u00f3mo crear una actividad<\/a><\/li>\n\n\n\n<li><a href=\"https:\/\/red.infd.edu.ar\/crear-un-formulario\/\" target=\"_blank\" rel=\"noreferrer noopener\">C\u00f3mo crear un formulario<\/a><\/li>\n\n\n\n<li><a href=\"https:\/\/red.infd.edu.ar\/anadir-preguntas-en-un-formulario\/\" target=\"_blank\" rel=\"noreferrer noopener\">A\u00f1adir preguntas a un formulario<\/a><\/li>\n\n\n\n<li><a href=\"https:\/\/red.infd.edu.ar\/alcance-selectivo-en-las-clases\/\" target=\"_blank\" rel=\"noreferrer noopener\">Alcance selectivo en las clases<\/a><\/li>\n\n\n\n<li><a href=\"https:\/\/red.infd.edu.ar\/alcance-selectivo-en-textos\/\" target=\"_blank\" rel=\"noreferrer noopener\">Alcance selectivo en \u00edtems<\/a><\/li>\n\n\n\n<li><a href=\"https:\/\/red.infd.edu.ar\/alcance-selectivo-para-una-clase-completa\/\" target=\"_blank\" rel=\"noreferrer noopener\">Alcance selectivo para un clase completa<\/a><\/li>\n\n\n\n<li><a href=\"https:\/\/red.infd.edu.ar\/como-crear-un-debate\/\" target=\"_blank\" rel=\"noreferrer noopener\">C\u00f3mo crear un debate<\/a><\/li>\n\n\n\n<li><a href=\"https:\/\/red.infd.edu.ar\/tipos-de-debate\/\" target=\"_blank\" rel=\"noreferrer noopener\">Tipo de debates<\/a><\/li>\n\n\n\n<li><a href=\"https:\/\/red.infd.edu.ar\/como-utilizar-la-wiki-del-aula-virtual\/\" target=\"_blank\" rel=\"noreferrer noopener\">C\u00f3mo utilizar la wiki del aula virtual<\/a><\/li>\n\n\n\n<li><a href=\"https:\/\/red.infd.edu.ar\/creacion-y-administracion-de-grupos-de-trabajo\/\" target=\"_blank\" rel=\"noreferrer noopener\">Creaci\u00f3n y administraci\u00f3n de grupos de trabajo<\/a><\/li>\n<\/ul>\n\n\n\n<hr class=\"wp-block-separator has-text-color has-base-color has-alpha-channel-opacity has-base-background-color has-background\"\/>\n\n\n\n<h3 class=\"wp-block-heading\">Sobre herramientas TIC&#8230;<\/h3>\n\n\n\n<p class=\"has-accent-color has-text-color\"><a rel=\"noreferrer noopener\" href=\"https:\/\/ifdbeltran-rng.infd.edu.ar\/sitio\/wp-content\/uploads\/2023\/08\/tutorial-audacity.pdf\" target=\"_blank\">\u00bfC\u00f3mo mejorar la calidad de tus audios con Audacity?<\/a><\/p>\n\n\n\n<h2 class=\"wp-block-heading\">Herramientas de Accesibilidad<\/h2>\n\n\n\n<ol>\n<li><a rel=\"noreferrer noopener\" href=\"https:\/\/ifdbeltran-rng.infd.edu.ar\/sitio\/wp-content\/uploads\/2026\/04\/01-documentos-accesibles.pdf\" target=\"_blank\">C\u00f3mo crear documentos accesibles<\/a>.<\/li>\n\n\n\n<li><a rel=\"noreferrer noopener\" href=\"https:\/\/ifdbeltran-rng.infd.edu.ar\/sitio\/wp-content\/uploads\/2026\/04\/02-presentaciones-accesibles.pdf\" target=\"_blank\">C\u00f3mo crear presentaciones accesibles<\/a>.<\/li>\n\n\n\n<li><a rel=\"noreferrer noopener\" href=\"https:\/\/ifdbeltran-rng.infd.edu.ar\/sitio\/wp-content\/uploads\/2026\/04\/03-fundamentos-diseno-visual-canva.pdf\" target=\"_blank\">Fundamentos de dise\u00f1o visual Canva<\/a>.<\/li>\n\n\n\n<li><a rel=\"noreferrer noopener\" href=\"https:\/\/ifdbeltran-rng.infd.edu.ar\/sitio\/wp-content\/uploads\/2026\/04\/04-dictado-por-voz.pdf\" target=\"_blank\">C\u00f3mo transformar la voz en texto<\/a>.<\/li>\n\n\n\n<li><a rel=\"noreferrer noopener\" href=\"https:\/\/ifdbeltran-rng.infd.edu.ar\/sitio\/wp-content\/uploads\/2026\/04\/05-narrador-de-windows-uso-basico.pdf\" target=\"_blank\">Uso b\u00e1sico del Narrador de Windows<\/a>.<\/li>\n\n\n\n<li><a rel=\"noreferrer noopener\" href=\"https:\/\/ifdbeltran-rng.infd.edu.ar\/sitio\/wp-content\/uploads\/2026\/04\/06-textos-escaneados-accesibles.pdf\" target=\"_blank\">C\u00f3mo convertir textos escaneados en accesibles<\/a>.<\/li>\n\n\n\n<li><a rel=\"noreferrer noopener\" href=\"https:\/\/ifdbeltran-rng.infd.edu.ar\/sitio\/wp-content\/uploads\/2026\/04\/07-traductor-de-google.pdf\" target=\"_blank\">C\u00f3mo utilizar el Traductor de Google<\/a>.<\/li>\n\n\n\n<li><a href=\"https:\/\/ifdbeltran-rng.infd.edu.ar\/sitio\/wp-content\/uploads\/2026\/04\/08-lectura-en-voz-alta-en-navegadores.pdf\" target=\"_blank\" rel=\"noreferrer noopener\">Lectura en voz alta integrada en Navegadores<\/a>.<\/li>\n<\/ol>\n","protected":false},"excerpt":{"rendered":"<p>ESTRATEGIAS DID\u00c1CTICAS PARA NUEVOS ESCENARIOS \u00abTe invitamos a recorrer este material en el que dialogaremos sobre qu\u00e9 entender por estrategias de ense\u00f1anza, c\u00f3mo superar las clases estrictamente expositivas en nuevos escenarios y qu\u00e9 principios generales podemos tener en cuenta para nuestro propio dise\u00f1o, el de cada uno como docente, con su trayectoria, sus conocimientos, sus &#8230; <a title=\"Tutoriales\" class=\"read-more\" href=\"https:\/\/ifdbeltran-rng.infd.edu.ar\/sitio\/tutoriales\/\" aria-label=\"More on Tutoriales\">[+]<\/a><\/p>\n","protected":false},"author":2582,"featured_media":0,"parent":0,"menu_order":0,"comment_status":"closed","ping_status":"closed","template":"","meta":[],"acf":[],"_links":{"self":[{"href":"https:\/\/ifdbeltran-rng.infd.edu.ar\/sitio\/wp-json\/wp\/v2\/pages\/7140"}],"collection":[{"href":"https:\/\/ifdbeltran-rng.infd.edu.ar\/sitio\/wp-json\/wp\/v2\/pages"}],"about":[{"href":"https:\/\/ifdbeltran-rng.infd.edu.ar\/sitio\/wp-json\/wp\/v2\/types\/page"}],"author":[{"embeddable":true,"href":"https:\/\/ifdbeltran-rng.infd.edu.ar\/sitio\/wp-json\/wp\/v2\/users\/2582"}],"replies":[{"embeddable":true,"href":"https:\/\/ifdbeltran-rng.infd.edu.ar\/sitio\/wp-json\/wp\/v2\/comments?post=7140"}],"version-history":[{"count":28,"href":"https:\/\/ifdbeltran-rng.infd.edu.ar\/sitio\/wp-json\/wp\/v2\/pages\/7140\/revisions"}],"predecessor-version":[{"id":11535,"href":"https:\/\/ifdbeltran-rng.infd.edu.ar\/sitio\/wp-json\/wp\/v2\/pages\/7140\/revisions\/11535"}],"wp:attachment":[{"href":"https:\/\/ifdbeltran-rng.infd.edu.ar\/sitio\/wp-json\/wp\/v2\/media?parent=7140"}],"curies":[{"name":"wp","href":"https:\/\/api.w.org\/{rel}","templated":true}]}}